 = -4*q. Suppose u*w - 83 = -4*k, 56 = 5*w - k - 17. What are the prime factors of w?
3, 5
Let k(i) = 150*i**2 - 9. List the prime factors of k(-4).
3, 797
Let a(o) = 2*o**3 - 6*o**2 + 6*o + 2. Let q be a(3). Let b = -13 + q. Suppose -b*s + 4*k + 199 = -2*s, 0 = 2*s - k - 79. List the prime factors of s.
3, 13
Suppose -5*x = i - 238, -i + 226 = -0*i + 2*x. Let g = i - 149. Suppose -z - g = -4*z. What are the prime factors of z?
23
Let y be ((-2)/(-1) - 3)/(-1) + 0. What are the prime factors of ((-14)/4 + y)*(-78)/15?
13
Suppose o = 1, -2*b - o + 9 = -b. Suppose -b = -r + 4. Let c = -3 + r. What are the prime factors of c?
3
Let n(g) = -g**3 + 5*g**2 - 3*g. Let h be n(3). Let b(m) be the third derivative of m**4/8 - 5*m**3/6 + 29*m**2. What are the prime factors of b(h)?
2, 11
Suppose -2*h + 97 = s, -s = -5*h + 2*s + 270. Let o = h - -12. List the prime factors of o.
3, 7
Let d(k) = 2*k - 2*k**2 + 16*k**2 - 1 + 1. Suppose 2*z + 4*u = 16, 0*z + 3*u - 25 = 5*z. List the prime factors of d(z).
2, 13
Let y(h) = 26*h**2 - 20. List the prime factors of y(4).
2, 3, 11
Let y = -30 + 33. Suppose 0 = y*o - 17 - 4. Suppose t = -0*k + 3*k + 5, -k = -3*t + o. What are the prime factors of t?
2
Let o(i) = -18*i - 76. Let u be o(-10). Let l = u + -53. What are the prime factors of l?
3, 17
Let s(o) = -2*o**2 + 38*o - 24. Let r be s(18). Let v(g) = -g**2 + 30*g - 46. List the prime factors of v(r).
2, 5, 17
Suppose -2184 + 6184 = 10*c. What are the prime factors of c?
2, 5
Suppose 0 = -4*v - 8. Let s be 168/20 - v/(-5). Let u = s - -14. What are the prime factors of u?
2, 11
List the prime factors of (-96)/160*(-3 - 2)*922.
2, 3, 461
Suppose 0*q + 2*q + 26 = 0. Let a(m) = -m**3 - 14*m**2 - 14*m + 1. What are the prime factors of a(q)?
2, 7
Suppose h = 5*u - 269, 3*h = -5*u + 2*h + 261. List the prime factors of u.
53
Let o = 63 - 59. Suppose f = -4, o*w - 2*f = -f + 428. List the prime factors of w.
2, 53
Suppose 0 = 5*a - 3*f - 5099, -a + 4090 = 3*a + 3*f. What are the prime factors of a?
1021
Let j(g) = g + 4. Let t be j(5). Suppose v = 4*v - t. What are the prime factors of 9/6*38/v?
19
Suppose 1092 = 7*r + 161. What are the prime factors of r?
7, 19
Let f(a) be the first derivative of -a**2/2 + 17*a + 10. Let x be f(11). List the prime factors of x/(-9) - (-218)/3.
2, 3
Let w(a) = 6*a + 12. Let o be w(4). Suppose -2 - o = -k. What are the prime factors of k?
2, 19
Let i be 0/(-11) - 1*49*1. Let x = -7 - i. List the prime factors of x.
2, 3, 7
Suppose -58*s + 42*s = -13424. List the prime factors of s.
839
Suppose v + 4 = 1. Suppose -25 = -2*x - 69. What are the prime factors of x*1*v/6?
11
Suppose 1043 = 3*y - 58. List the prime factors of y.
367
Let s = -662 + 1302. List the prime factors of s.
2, 5
Let j(h) = -h. Let d(g) = 6*g - 13. Let f(l) = -d(l) - 5*j(l). Let t = 24 + -15. List the prime factors of f(t).
2
Suppose -c = 6*c - 1680. List the prime factors of c.
2, 3, 5
Suppose 14*w - 815 - 1089 = 0. List the prime factors of w.
2, 17
Let m(g) = -7*g**2 - g**3 - g - 7*g + g - 8 - g. Let t be m(-5). What are the prime factors of ((-20)/3)/(3/t)?
2, 5
Suppose 0 = -m + 156 - 43. List the prime factors of m.
113
Suppose 75 = 4*u - 3*g + 418, -3*g = -u - 97. Let d = u + 146. What are the prime factors of d?
2
Suppose -2*j = -2*a - 2056, 43*a = 4*j + 47*a - 4080. List the prime factors of j.
2
Suppose -4 = 9*g - 7*g. Let l be g/(-8) - 97/4. Let q = l + 38. List the prime factors of q.
2, 7
Let k(m) = -5 + m**2 + 9*m - 9 - 1. List the prime factors of k(-12).
3, 7
Let f(d) = -d**3 - 15*d**2 + 2*d + 37. What are the prime factors of f(-20)?
1997
What are the prime factors of (9/6)/((-6)/(-9088))?
2, 71
Let a(v) be the third derivative of -v**5/60 - v**4/3 - 7*v**3/6 - 9*v**2. Let k be a(-3). Suppose -2*x + k + 32 = 0. What are the prime factors of x?
2, 5
Let w(o) = -o + 10. Let x be w(7). Suppose 2*b - 3*y - 44 = 49, 2*b + x*y = 75. Suppose 4*k - 106 = b. List the prime factors of k.
37
Suppose -68*k = -70*k - 2*t + 1100, 3*t = 4*k - 2221. What are the prime factors of k?
7, 79
Let p(j) = -20*j**3 - 19*j**2 - 8*j - 17. What are the prime factors of p(-5)?
2
What are the prime factors of -11 + 75/15 - 12873/(-3)?
5, 857
Let t(l) = l**2 - 6*l + 8. Let w be t(5). Suppose -a - 3*m - 2 = 0, m + 28 = 4*a - w. What are the prime factors of a?
7
Let i = -96 + 501. Suppose -2*t = -5*t + i. What are the prime factors of t?
3, 5
Suppose -j = -4*r - 1626, -2*j + 3273 = -57*r + 56*r. What are the prime factors of j?
2, 3, 7, 13
Suppose -f - 2 = -3*u - 22, 4*u + 8 = 0. Let t = 71 + f. What are the prime factors of t?
5, 17
Suppose -7*w = -569 - 1069. What are the prime factors of (w/(-15))/(-3 - (-81)/30)?
2, 13
Let v be ((-7)/(-1))/(2/(-4)). Let w(c) be the second derivative of -c**3/6 - 5*c**2/2 - 284*c. What are the prime factors of w(v)?
3
Suppose 0 = -d + n - 5*n + 15, 5*n = -2*d + 15. Let a(i) be the first derivative of i**4/4 + 2*i**3 + i**2/2 - 3*i - 1. List the prime factors of a(d).
17
Suppose 4*v - 2226 = -3*z + 2*v, 3*z - 2238 = 2*v. What are the prime factors of z?
2, 3, 31
Let k = -58 - -59. Let l(v) = v**3 + 8*v**2 + 5*v - 6. Let a be l(-7). What are the prime factors of (a*k)/((-16)/(-40))?
2, 5
Suppose -3*y + 1 = -5. Suppose y*h - 112 - 112 = 0. What are the prime factors of h?
2, 7
Let y be 20/(-12)*(-2 - 1). Suppose -y*q + 457 = -2*q + r, -150 = -q + 2*r. Suppose -5*h + 364 = -g, 2*h - 4*g = -2*g + q. List the prime factors of h.
2, 3
Let l = 1314 + -681. What are the prime factors of l?
3, 211
Suppose -d + 1 = -4*w, 6*d - 3*w - 22 = d. List the prime factors of 242/d + 15/25.
7
Let i(n) = n**3 + 7*n**2 + 3*n + 3. Suppose -2*r - 21 = 5*c - 5*r, -4*c - 2*r - 30 = 0. Let w be i(c). List the prime factors of (7/(w/18))/2.
3
Let j be 3/(-12)*-5*4. Suppose 0*n = n - j. Suppose 3*r = 5*g + 56, 8*r - 110 = 3*r + n*g. What are the prime factors of r?
3
Let m(k) = -k**3 + 7*k**2 + k - 3. Let d = 13 - 6. Let w be m(d). Suppose -9*u = -w*u - 15. What are the prime factors of u?
3
Suppose 0*u + 3*u - 3*z = 66, -z + 66 = 3*u. Let a = 26 - u. Suppose 0 = -4*q + b + 37, a*b + 12 + 8 = 0. What are the prime factors of q?
2
Let o be (-2)/4*2 - 86. Let b = 168 + o. List the prime factors of (-16)/12*b/(-6).
2, 3
Let g(p) = -p**2 - 13*p - 1. Let c be g(-14). Let s = c + 55. What are the prime factors of s?
2, 5
Suppose -3*u = -v - v - 7, 0 = -3*u + 5*v + 4. Suppose -u*w + 487 = 4*r, 0 = 5*r + 2*w - 6*w - 570. List the prime factors of r.
2, 59
Let s be 12/28 + 260/14. Suppose 63 = h + b, -2*h + b = -s - 104. Let r = h + -25. What are the prime factors of r?
37
Suppose 36*j = 18754 + 4682. List the prime factors of j.
3, 7, 31
Let k = 21 + -71. Let g be ((-40)/k)/((-2)/20). Let s = g + 44. List the prime factors of s.
2, 3
Suppose -h + m + 681 = 0, m - 5*m = 2*h - 1386. List the prime factors of h.
5, 137
Let d(i) = -i**3 - 6*i**2 - i + 3. Let u be d(-6). Let p(g) = -g**3 + 7*g**2 + 19*g - 1. Let j be p(u). What are the prime factors of j - 1*(-9)/(-3)?
5
Suppose 4*z + 4 = -4*g, -10 = 4*g + g. List the prime factors of 1*52*(0 + z).
2, 13
Suppose -208 = k - 5*k. Suppose 3*q = 5*v - 105, k = 2*v + 2*v + 4*q. Suppose -19 = -3*z + 2*l - 0*l, -4*l - v = -2*z. What are the prime factors of z?
5
Let u = 420 + -271. What are the prime factors of u?
149
Let c(i) = i**3 - 4*i**2 - 3*i + 7. Let o be c(4). Let v(g) = -11*g - 17. List the prime factors of v(o).
2, 19
Let c(s) = 2*s**2 - s - 1. Let o be c(-1). Suppose -o*u = -4*u + 62. List the prime factors of u.
31
Let x(o) = 5*o**2 - 8*o - 17. Suppose -3*u - 18 = -3*z, z - 3*u = 4*z - 24. List the prime factors of x(z).
2, 43
Let w be (-4)/6 - 1015/(-15). Let y = w - 42. What are the prime factors of (4/5)/(10/y)?
2
Let r = 1360 - 726. What are the prime factors of r?
2, 317
Let j be (-3)/(-21) - (-26)/14. Suppose j*d + 11 = -7. List the prime factors of 1/(-3)*5*d.
3, 5
Let i be 12/(-8)*8/(-3). Suppose 5*q - i*q - 75 = 0. What are the prime factors of q?
3, 5
Suppose 0 = -3*u + 5*g + 310 + 88, g - 392 = -3*u. List the prime factors of u.
131
Let g = 126 - 148. Let w = -1 + 0. Let l = w - g. List the prime factors of l.
3, 7
Let m be (4/3)/((-2)/(-3)). Suppose -4*z + 5*d + 34 = 0, 0*z - 5*d = -m*z + 12. What are the prime facto